alculate 26 + -49 + (-6 - (-11 + -1)) + (9 - -2).
-6
Calculate -3 - (2 + 51) - (-10 + (26 - 6) + -5).
-61
Calculate 1 + 7 + (18 - 17) + 202 + -174.
37
Calculate ((-8 - 7) + 8 + 19 - 15) + 14.
11
Calculate -1 - 7 - -18 - -7 - (10 - 5).
12
What is 415 + -429 - ((0 - -3) + (24 - -1))?
-42
Evaluate (-1 - 86) + 8 + -11 + (13 - -1) + -5.
-81
Calculate -39 - ((3 - 2) + (-102 - -100)).
-38
What is the value of 24 + 161 + -86 + -87?
12
Calculate 5 + -19 - (15 + 0 + (-62 - 2)).
35
What is -2 + -26 - (-58 - -35)?
-5
Calculate 50 + -53 - ((10 - -3) + -12).
-4
What is (1052 - 1060) + (0 - -16) + -63?
-55
Calculate -3245 + 3211 + (0 - -44).
10
-19 + 181 + -81 + 10
91
36 - (63 + -24) - -51
48
Evaluate (-5 - -3) + 13 + -6 - -4.
9
10 - (-28 - (20 - 31)) - 79
-52
Calculate 76 + 0 + -1 + 2 - (-856 - -857).
76
Calculate 70 + -56 + (1 - 1 - 72) + 6.
-52
What is (0 - 6) + -22 + 39 + -86?
-75
What is the value of (43 + -62 - (-1 - 4)) + 35 + -46 + 31?
6
What is -312 - -116 - -88 - (0 + -3 + -10)?
-95
What is the value of 0 + 37 + (21 - 22) + -15 - -87?
108
What is the value of 188 + -7 - 90 - -16?
107
(-456 - -443) + (4 + (-1 - 2) - -19) + -33
-26
-9 - ((3 - 87) + 18 + -14 + 1 + 1)
69
(350 - 398) + 1 + -30 - (-16 + -2)
-59
(-56 - -143) + (-24 - 72)
-9
What is -60 - (-4 - ((-39 - -31) + -21))?
-85
(32 - 28) + -19 + -3 + -11
-29
What is 43 + (39 - (49 - -32))?
1
What is (-83 - -1 - (-23 - -22)) + -14 + 5?
-90
Evaluate 8 + (-18 - -14) + -6 - -4 - (7 - -24).
-29
What is 33 + 30 + (-21 + -47 - -15)?
10
What is the value of 1 - 43 - (15 + (24 - (-9 - -52)))?
-38
23 + -14 - (-4 + -3 + 8 + 12)
-4
What is (-15 + 3 - (1 + (10 - 6))) + -49 + 44?
-22
What is 2245 + -2268 + (1 - 39)?
-61
What is the value of 33 - (-23 + 22 + (1 - (6 - 5) - 9))?
43
Calculate 53 - 49 - (-26 + 20).
10
What is the value of (4 - 41) + 0 - (25 + 14 + -39)?
-37
42 - (-455 - -532 - (22 - -1))
-12
Calculate (7 - 5 - 7) + -3 - (-71 - -61).
2
What is 4 + 59 + 10 - 24?
49
What is -13 + (-45 - -35) - -4?
-19
-64 + 234 + -118 - -31
83
Evaluate 18 - (1 + -11 - (46 - 97)).
-23
Evaluate -1 - 4 - (-226 + 212).
9
-26 + 21 + 4 + -10 + 0 + 90
79
Evaluate 35 + (29 - (-13 + -7 - -40)).
44
61 - (19 + (98 - 59))
3
Evaluate -43 + 57 - (-8 - -23) - (70 + -2).
-69
Evaluate (66 - 0) + 5139 + -5136.
69
-6 - ((4 - (-16 + 9 + 27) - -5) + 19)
-14
53 - 17 - (-2 + -6 + -1)
45
What is the value of (-142 - -119) + 2 + (1 - -11)?
-9
What is -58 + 11 + 133 + -136?
-50
What is -2 + 35 + -66 + 69 + -35?
1
(12 + (14 - 22) - (23 + 0)) + (-2 - 6)
-27
What is (5 - -63) + 107 + -140 - 146?
-111
Calculate -2 + (20 - (-42 - 5)) + -4.
61
What is the value of (4 - -14) + -5 - ((1 - -132) + -15)?
-105
What is -45 + 35 + -3 + (27 - -10)?
24
What is the value of 6 + -3 + -6 - (-4 - 61) - (3 + -12)?
71
(-52 - 29 - -54) + -19
-46
Evaluate -32 - (-2 + 13) - -18.
-25
What is 11 + (18 - 29 - (-3 - (-2 + 3) - 57))?
61
What is -142 + (1 - (5 + -5)) + -16 + 128 + -104?
-133
-92 - ((-3 - -12) + (14 - 18) - (16 + -1))
-82
14 + 3 + -288 + 218 - (6 + 0)
-59
What is 18 + -1 + (-64 - (-22 + -19))?
-6
2 + (2 - 3) - (1030 - 1049)
20
Calculate -145 + 239 + -190 + (-23 - -8).
-111
70 + (-170 - -81) - (15 - 1)
-33
Evaluate (-36 + 1 - (592 + -510)) + 29.
-88
Calculate (5 + -58 - -2) + (11 - -1 - -1) + -4.
-42
What is -73 + (56 - 98 - -128)?
13
(-8 - -3) + (7 - (-4 + -10) - 12)
4
-22 + 31 - 5 - (1 + -5)
8
What is (23 - -9 - 24) + -35 + (-1 - 7)?
-35
Calculate -8 + (5 + -22 + -8 - -28) + (-37 - 0).
-42
46 + -30 - 7 - -1 - 116
-106
(2 - 4 - 59) + -22 + (-3 - 14) + 49
-51
Calculate (-13 - -6 - 30) + 54.
17
What is (-237 - -271) + (9 + -29 - 0) - (-1 + 65)?
-50
Evaluate (13 - (3 + 21 + -7)) + 40.
36
Evaluate -34 + 18 + -42 - -73.
15
Evaluate (5 + 32 - 92) + 54.
-1
Evaluate 14726 - 14733 - (57 + 1).
-65
Calculate -1036 - -1032 - (3 - 65).
58
Calculate -16 + (-40 + 63 + (2 - 31) - (16 + -1)).
-37
What is -148 - -105 - (0 - 71) - 71?
-43
45 + -13 + -2 + 36 + -16 + 6
56
What is (2 - 53) + (-10 - -18) - (3 + 7)?
-53
Evaluate -14 + (70 - ((-30 - -22) + 19)).
45
What is -15 - (-8 + -12 + 42 + -4)?
-33
-19 - (-1 - (5 - -3) - (-80 + 58))
-32
-24 + 11 + (-19 - (-35 - -15)) + 1 + 4
-7
Evaluate ((27 - 19) + -5 + -1 + -3 - 55) + 9.
-47
(0 + 4 + -145 + 135 - -4) + (-8 - 103)
-113
Calculate ((-5 - -2) + 1 - -4) + -4 - (-970 + 1031).
-63
31 + 1 - (-11 - ((32 - 14 - 6) + -15))
40
What is -12 + (-8 - (53 - (21 - 4))) + 22?
-34
Evaluate -1 - 28 - (48 + -35).
-42
What is (36 - (27 + -7 + 4)) + 0 + -32?
-20
Calculate ((8 - 13) + 5 - (1 + -13)) + -48.
-36
What is -1 + 0 - -1 - (-240 + -782 + 1032)?
-10
Calculate -1 - (12 + 0) - (-184 + 270 + -80).
-19
What is the value of -18 + 23 - (9 - -1) - (20 + 20 + -38)?
-7
Evaluate -1 + 11 + (80 - 81) - (-19 - -49).
-21
What is the value of -7 + ((13 - 45) + 10 - (-4 - -2))?
-27
-4 - ((3 - -6) + 17 + (-1 - 16))
-13
Evaluate 53 + (45 - (108 + 17)).
-27
What is 28 - (19 - 10) - (-25 + -26 + 60)?
10
Calculate (-32 - -136 - 38) + 7 + -1 + 5 + -7.
70
What is -8 + (-591 - -628) + (-32 - 0)?
-3
What is the value of 15 + 4 + 7 + -1 + (20 - 18) + -3?
24
Calculate -22 - (-90 - -93 - (20 - -2)).
-3
Evaluate 29 + (-6 - 6 - -12) + 7 + -9.
27
-14 + -40 + -14 + 23 - 5
-50
49 + (-18 + 18 - 11) + 6 + 0
44
Evaluate -12 - (23 + 28 + (-30 - -9 - -10)).
-52
-18 + (102 - -35 - 19) + 21
121
Calculate 4798 - 4834 - (30 + -1).
-65
What is (2 - (1 - -1)) + (7 - 58) + (-154 - -149)?
-56
27 - (135 - (103 + -14))
-19
((-18 - -25) + 18 - 18) + -7
0
80 - (120 + (63 - 33))
-70
Calculate (12 - 6) + (-77 - -89 - (-23 + 8 + 3)).
30
Evaluate 2 - 3 - (7 + 1) - (-225 - -229).
-13
-36 - (24 - (-1 - -36))
-25
Calculate -2 + -32 + -4 + -15 + 21.
-32
Calculate 73 + -54 + 37 + -2 + -22 - (9 - 2).
25
Calculate -7 - (56 + -45) - -25.
7
2 - (25 + -5 + (-11 - -23) + 0)
-30
Evaluate 0 + 18 - (3293 - 3244).
-31
(16 - (2 - 0)) + -57 + (45 - -39)
41
Calculate -4 + (-7 - -24) + (-92 - (-25 + 18 + -10)).
-62
What is -1279 - -1327 - ((-4 - -4) + -3)?
51
Calculate -60 - (-45 + 38 + -27).
-26
Evaluate (24 - 47) + 25 + (11 - -1).
14
Calculate (-8 - (-5 + -3)) + -23 - (29 + -28).
-24
Evaluate 51 - (12 - 0) - (30 + -12 - 30).
51
What is the value of (-3 + 10 - 57 - 19) + (-2 - (10 - 1))?
-80
2 + (2 - 155) + 156 + (-65 - 81)
-141
Calculate -8 + 5 + -12 + (25 - 9) - 78.
-77
Evaluate 17 - 82 - (-13 - -3 - 8).
-47
What is the value of -7 + -3 + 2 - (-428 - -424)?
-4
What is the value of 16 + -10 + (-4 - -31) + -18?
15
What is the value of 24 + 11 + -70 + 32?
-3
What is the value of -3 + 0 - (21 + -62 + 36) - 35?
-33
Calculate 68 + -138 + (62 - 5).
-13
What is the value of -4 - (31 - 114) - (-5 + 3 + 9)?
72
What is the value of (14 - (6 - -10)) + -6 - (-11 - 2)?
5
What is the value of -35 + (6 + 11 - (-110 - -133))?
-41
Calculate -6 + 15 + -12 - -4 - -13 - -10.
24
What is -24 - (10 + (-35 - -5 - -8) + 11)?
-23
Evaluate -69 + (63 - 27) + -7.
-40
Calculate -11 + 6 + 45 + -31 - (-33 + 1).
41
What is -80 + -14 + (5 - 15) + 16 - (-1 + -9)?
-78
What is the value of 133 + (-16 - -10) + -70?
57
Evaluate (-1317 - -1278) + 36 + 1.
-2
What is the value of (-20 - -12) + (-291 - -222) + (17 - 1)?
-61
Evaluate -8274 - -8194 - (-96 + 1).
15
11 + -7 + -15 - (-1 + -87 - (-187 + 175))
65
Calculate -61 - (6 - (-17 - -11) - 22 - -16).
-67
What is 30 - ((-8 + 2 - -7) + -13) - 11?
31
What is (12 - (9 - 7) - 6) + -1 + 7 - 9?
1
What is 109 + (-68 - (-16 + 3))?
54
What is -11 + 3 + 5 + 9 - (29 - 1)?
-22
Evaluate 35 + (30 - ((6 - -5) + -2)).
56
Evaluate 91 - (-1 - -2) - (-2946 + 2939).
97
What is the value of (10 + 5 - -5) + -42 + 20 - (-1 + -55)?
54
Calculate (-4 - (-60 - -7)) + 3 + 2.
54
Evaluate -2 - (-7 + 17 - 2) - -40.
30
What is the value of -13 + (55 - 13) - (-2 + -5 + 5 + 5)?
26
Evaluate 1 - 39 - ((33 - 29) + (-17 - -3)).
-28
What is the value of 29 - ((-17 - -49) + -41)?
38
What is (46 - (-19 + 62)) + (10 - 1 - 3)?
9
What is -34 + 29 + -146 + (16 - 3) + -7?
-145
Evaluate (8 - 31) + (-10 - -32) - (1 + -1) - 11.
-12
What is the value of 7 + (-44 - -24 - -35) + (-21 - 6)?
-5
What is the value of -5 + 1 + -9 + (0 - -23 - -56)?
66
(-29 - -24 - (9 - 0)) + -5
-19
Evaluate 25 + (-4 - 3 - -16) + 1 + 18.
53
What is the value of -251 - -255 - (5 + (31 - (6 - (-1 - -6))))?
-31
Calculate -38 + 24 - (43 + -14 + -5).
-38
Calculate 15 + -4 + -